12226398.
2, 3, 83, 24551
What are the prime factors of 357651?
3, 7, 811
What are the prime factors of 79017?
3, 26339
List the prime factors of 1188601.
1188601
What are the prime factors of 532017?
3, 59113
List the prime factors of 1555639.
1555639
List the prime factors of 37540636.
2, 7, 67, 20011
List the prime factors of 319172.
2, 7, 11399
What are the prime factors of 63661?
13, 59, 83
List the prime factors of 301668.
2, 3, 23, 1093
List the prime factors of 4310644.
2, 13, 19, 4363
What are the prime factors of 8159264?
2, 254977
List the prime factors of 7854762.
2, 3, 1309127
What are the prime factors of 14635605?
3, 5, 19, 89, 577
List the prime factors of 406916.
2, 23, 4423
What are the prime factors of 3181797?
3, 19, 23, 809
What are the prime factors of 20006917?
7, 53, 53927
List the prime factors of 219186.
2, 3, 11, 41
List the prime factors of 1346210.
2, 5, 103, 1307
What are the prime factors of 1247649?
3, 13, 31991
List the prime factors of 160847.
239, 673
What are the prime factors of 12644335?
5, 11, 229897
What are the prime factors of 851873?
11, 43, 1801
What are the prime factors of 19317454?
2, 13, 311, 2389
What are the prime factors of 1345763?
131, 10273
List the prime factors of 86413.
86413
List the prime factors of 6289338.
2, 3, 11, 8663
List the prime factors of 12735308.
2, 47, 67741
What are the prime factors of 110802?
2, 3, 59, 313
List the prime factors of 5635363.
61, 92383
List the prime factors of 785902.
2, 13, 167, 181
List the prime factors of 7078039.
7078039
What are the prime factors of 9329884?
2, 31, 67, 1123
What are the prime factors of 7289292?
2, 3, 127, 4783
List the prime factors of 1182617.
19, 67, 929
List the prime factors of 551744.
2, 37, 233
What are the prime factors of 15619089?
3, 5206363
List the prime factors of 7342486.
2, 73, 50291
List the prime factors of 22801.
151
List the prime factors of 7069060.
2, 5, 353453
What are the prime factors of 634231?
13, 48787
What are the prime factors of 25137681?
3, 1709, 4903
List the prime factors of 1761384.
2, 3, 79, 929
What are the prime factors of 8695251?
3, 966139
What are the prime factors of 976034?
2, 401, 1217
What are the prime factors of 14809373?
307, 48239
List the prime factors of 369740.
2, 5, 7, 19, 139
List the prime factors of 14635821.
3, 439, 11113
List the prime factors of 500382.
2, 3, 27799
List the prime factors of 23027254.
2, 11513627
List the prime factors of 1580367.
3, 263, 2003
What are the prime factors of 12858353?
313, 41081
What are the prime factors of 2488071?
3, 23, 107, 337
What are the prime factors of 1915576?
2, 13, 113, 163
List the prime factors of 483733.
483733
What are the prime factors of 12503496?
2, 3, 307, 1697
List the prime factors of 2920202.
2, 1460101
What are the prime factors of 1147048?
2, 7, 20483
List the prime factors of 561067.
13, 43159
List the prime factors of 9892209.
3, 37, 89119
List the prime factors of 1265728.
2, 19777
List the prime factors of 3119276.
2, 157, 4967
List the prime factors of 6459019.
7, 922717
What are the prime factors of 328404?
2, 3, 27367
What are the prime factors of 1463860?
2, 5, 53, 1381
What are the prime factors of 6916087?
619, 11173
List the prime factors of 1179941.
7, 59, 2857
List the prime factors of 103284.
2, 3, 19, 151
What are the prime factors of 2601609?
3, 867203
List the prime factors of 77863.
77863
List the prime factors of 16269057.
3, 7, 281, 919
What are the prime factors of 13577241?
3, 4525747
What are the prime factors of 37840464?
2, 3, 262781
List the prime factors of 13281333.
3, 13, 29, 11743
What are the prime factors of 5239771?
463, 11317
List the prime factors of 12465107.
41, 59, 5153
What are the prime factors of 2789208?
2, 3, 37, 349
List the prime factors of 179836.
2, 44959
What are the prime factors of 22312145?
5, 4462429
What are the prime factors of 842242?
2, 421121
List the prime factors of 41666.
2, 83, 251
List the prime factors of 47511.
3, 5279
What are the prime factors of 73560?
2, 3, 5, 613
List the prime factors of 151147.
17, 523
What are the prime factors of 3109047?
3, 1036349
List the prime factors of 4886380.
2, 5, 41, 59, 101
What are the prime factors of 22797123?
3, 7599041
What are the prime factors of 206054?
2, 269, 383
What are the prime factors of 1018209?
3, 97, 3499
What are the prime factors of 1309861?
7, 187123
List the prime factors of 1144001.
1144001
List the prime factors of 5655148.
2, 23, 61469
List the prime factors of 94890.
2, 3, 5, 3163
What are the prime factors of 134500?
2, 5, 269
What are the prime factors of 8242173?
3, 127, 7211
What are the prime factors of 2027677?
2027677
What are the prime factors of 1168418?
2, 41, 14249
What are the prime factors of 8572379?
53, 161743
List the prime factors of 632933.
7, 12917
What are the prime factors of 6217318?
2, 241, 12899
List the prime factors of 1136647.
1136647
What are the prime factors of 2657769?
3, 885923
What are the prime factors of 27915338?
2, 11, 383, 3313
What are the prime factors of 339323?
339323
What are the prime factors of 386933?
97, 3989
What are the prime factors of 164190?
2, 3, 5, 13, 421
What are the prime factors of 4857297?
3, 29, 31, 1801
List the prime factors of 1705348.
2, 47, 193
What are the prime factors of 509876?
2, 41, 3109
What are the prime factors of 285995?
5, 47, 1217
List the prime factors of 3994020.
2, 3, 5, 22189
What are the prime factors of 20073?
3, 6691
List the prime factors of 686814.
2, 3, 113, 1013
What are the prime factors of 336284?
2, 13, 29, 223
What are the prime factors of 2555848?
2, 17, 18793
List the prime factors of 66557.
19, 31, 113
What are the prime factors of 3449485?
5, 13, 53069
List the prime factors of 21205136.
2, 727, 1823
List the prime factors of 1679499.
3, 181, 1031
List the prime factors of 403077.
3, 134359
What are the prime factors of 1103537?
29, 38053
What are the prime factors of 29161?
11, 241
List the prime factors of 1252487.
37, 33851
What are the prime factors of 305039?
7, 43577
List the prime factors of 29715.
3, 5, 7, 283
List the prime factors of 60595.
5, 12119
List the prime factors of 16156825.
5, 646273
List the prime factors of 2395044.
2, 3, 66529
List the prime factors of 63257.
17, 61
List the prime factors of 22337.
7, 3191
What are the prime factors of 2999653?
31, 96763
List the prime factors of 1990169.
31, 43, 1493
What are the prime factors of 4322311?
7, 617473
List the prime factors of 5870139.
3, 11, 177883
List the prime factors of 231943.
231943
List the prime factors of 12433659.
3, 7, 67, 8837
List the prime factors of 274582.
2, 7, 11, 1783
What are the prime factors of 278688?
2, 3, 2903
List the prime factors of 2201191.
2201191
List the prime factors of 257584.
2, 17, 947
List the prime factors of 212423.
212423
List the prime factors of 335050.
2, 5, 6701
What are the prime factors of 5334315?
3, 5, 7, 101, 503
List the prime factors of 1380493.
431, 3203
List the prime factors of 17150351.
37, 463523
What are the prime factors of 2174344?
2, 191, 1423
List the prime factors of 129707.
129707
What are the prime factors of 1674400?
2, 5, 7, 13, 23
List the prime factors of 1017319.
1017319
List the prime factors of 15730705.
5, 3146141
What are the prime factors of 4086451?
31, 61, 2161
What are the prime factors of 2052693?
3, 228077
What are the prime factors of 305445?
3, 5, 7, 2909
List the prime factors of 2217750.
2, 3, 5, 2957
List the prime factors of 14419043.
17, 19, 44641
What are the prime factors of 116558?
2, 13, 4483
What are the prime factors of 597450?
2, 3, 5, 7, 569
What are the prime factors of 128205?
3, 5, 7, 11, 37
What are the prime factors of 70850?
2, 5, 13, 109
What are the prime factors of 125993?
7, 41, 439
What are the prime factors of 254235?
3, 5, 17, 997
What are the prime factors of 146805?
3, 5, 9787
List the prime factors of 25466221.
11, 17, 23, 31, 191
List the prime factors of 5418264.
2, 3, 61, 3701
List the prime factors of 359752.
2, 193, 233
List the prime factors of 14103269.
43, 327983
What are the prime factors of 309132?
2, 3, 31, 277
What are the prime factors of 329963?
181, 1823
What are the prime factors of 355749?
3, 11858